when 73186843 is divided by 619.
616
What is the remainder when 23727577 is divided by 16?
9
What is the remainder when 10989232 is divided by 30441?
31
What is the remainder when 171791 is divided by 3496?
487
Calculate the remainder when 10305100 is divided by 368.
364
Calculate the remainder when 143088027 is divided by 522.
519
Calculate the remainder when 142407 is divided by 46539.
2790
What is the remainder when 235973 is divided by 23583?
143
Calculate the remainder when 5024206 is divided by 889.
467
Calculate the remainder when 10131623 is divided by 2490.
2303
What is the remainder when 28723 is divided by 844?
27
Calculate the remainder when 3934875 is divided by 126.
21
What is the remainder when 4514448 is divided by 79?
72
What is the remainder when 571339 is divided by 285652?
35
Calculate the remainder when 13560418 is divided by 1077.
988
Calculate the remainder when 1071372 is divided by 17855.
72
What is the remainder when 65380 is divided by 1520?
20
What is the remainder when 3295745 is divided by 49190?
15
What is the remainder when 55154 is divided by 244?
10
What is the remainder when 335570 is divided by 335359?
211
What is the remainder when 364374303 is divided by 56?
55
What is the remainder when 290966 is divided by 72680?
246
What is the remainder when 1390595 is divided by 7727?
7462
Calculate the remainder when 99823813 is divided by 2223.
2221
What is the remainder when 99349 is divided by 4042?
2341
Calculate the remainder when 12036511 is divided by 122.
113
Calculate the remainder when 35774 is divided by 11919.
17
Calculate the remainder when 300060 is divided by 2770.
900
Calculate the remainder when 414624 is divided by 59231.
7
What is the remainder when 772744 is divided by 772647?
97
Calculate the remainder when 10090971 is divided by 4.
3
Calculate the remainder when 35734822 is divided by 43473.
16
What is the remainder when 384004497 is divided by 1110?
1107
Calculate the remainder when 98342 is divided by 10838.
800
Calculate the remainder when 44903 is divided by 22131.
641
What is the remainder when 223007 is divided by 219814?
3193
What is the remainder when 79800 is divided by 9502?
3784
Calculate the remainder when 91780 is divided by 1431.
196
What is the remainder when 1815443 is divided by 453846?
59
Calculate the remainder when 1820604 is divided by 27.
21
What is the remainder when 139306 is divided by 44844?
4774
Calculate the remainder when 4616540 is divided by 606.
32
Calculate the remainder when 240193 is divided by 136.
17
What is the remainder when 984262 is divided by 492126?
10
Calculate the remainder when 203300 is divided by 202901.
399
Calculate the remainder when 874661 is divided by 2742.
2705
What is the remainder when 517262 is divided by 44?
42
What is the remainder when 175869 is divided by 43777?
761
What is the remainder when 824074 is divided by 1912?
2
Calculate the remainder when 5051244 is divided by 1683343.
1215
What is the remainder when 5248120 is divided by 291562?
4
Calculate the remainder when 31128006 is divided by 1037600.
6
Calculate the remainder when 324672 is divided by 1244.
1232
What is the remainder when 2507 is divided by 2403?
104
Calculate the remainder when 9899906 is divided by 2474975.
6
Calculate the remainder when 80472505 is divided by 934.
933
What is the remainder when 945882 is divided by 520?
2
What is the remainder when 3488271 is divided by 3257?
24
What is the remainder when 59706 is divided by 1629?
1062
Calculate the remainder when 526790 is divided by 10071.
3098
Calculate the remainder when 3320464 is divided by 10062.
4
What is the remainder when 2040380 is divided by 1317?
347
Calculate the remainder when 8481838 is divided by 354.
352
Calculate the remainder when 121592 is divided by 1825.
1142
What is the remainder when 425851 is divided by 117?
88
Calculate the remainder when 653425 is divided by 325052.
3321
What is the remainder when 225280 is divided by 1760?
0
What is the remainder when 1673834 is divided by 2989?
2983
Calculate the remainder when 14148568 is divided by 143.
5
Calculate the remainder when 883638 is divided by 88356.
78
Calculate the remainder when 71818545 is divided by 890.
885
What is the remainder when 100624 is divided by 634?
452
What is the remainder when 4908927 is divided by 410?
407
Calculate the remainder when 11275 is divided by 1095.
325
What is the remainder when 1552914862 is divided by 6894?
6892
What is the remainder when 1173144 is divided by 14298?
708
Calculate the remainder when 182926 is divided by 644.
30
Calculate the remainder when 2934926 is divided by 489145.
56
What is the remainder when 85063 is divided by 16389?
3118
Calculate the remainder when 1586400 is divided by 792961.
478
What is the remainder when 668719 is divided by 222905?
4
Calculate the remainder when 1015675 is divided by 1266.
343
What is the remainder when 36646263 is divided by 781?
181
What is the remainder when 241799 is divided by 9912?
3911
Calculate the remainder when 78143 is divided by 38996.
151
What is the remainder when 1576975 is divided by 108?
67
Calculate the remainder when 755870 is divided by 8126.
152
What is the remainder when 30745108 is divided by 17?
13
What is the remainder when 305422 is divided by 10492?
1154
What is the remainder when 3055451 is divided by 979?
971
What is the remainder when 13109865 is divided by 157950?
15
Calculate the remainder when 3266973 is divided by 10.
3
Calculate the remainder when 489319 is divided by 25.
19
Calculate the remainder when 10752 is divided by 391.
195
What is the remainder when 125870 is divided by 62764?
342
Calculate the remainder when 2290761 is divided by 67375.
11
Calculate the remainder when 400165739 is divided by 2237.
2231
What is the remainder when 8751935 is divided by 147?
143
What is the remainder when 114395 is divided by 37761?
1112
Calculate the remainder when 67568 is divided by 966.
914
Calculate the remainder when 557648 is divided by 64.
16
Calculate the remainder when 5667601 is divided by 5667564.
37
Calculate the remainder when 36792331 is divided by 1099.
9
Calculate the remainder when 1488304 is divided by 801.
46
Calculate the remainder when 1232000 is divided by 2535.
2525
What is the remainder when 67513732 is divided by 7?
6
Calculate the remainder when 51121 is divided by 7700.
4921
Calculate the remainder when 2295720 is divided by 71.
6
What is the remainder when 1245956 is divided by 9094?
78
Calculate the remainder when 20298175 is divided by 35.
30
What is the remainder when 1602631 is divided by 34839?
37
What is the remainder when 1514505 is divided by 180?
165
Calculate the remainder when 27756024 is divided by 12850.
24
Calculate the remainder when 7095142 is divided by 1392.
118
Calculate the remainder when 48214242 is divided by 327988.
6
What is the remainder when 3370530 is divided by 42?
30
Calculate the remainder when 948121 is divided by 67678.
629
What is the remainder when 50914865 is divided by 103?
8
Calculate the remainder when 412033 is divided by 103003.
21
What is the remainder when 2533287 is divided by 142?
7
Calculate the remainder when 178748168 is divided by 10.
8
What is the remainder when 6361 is divided by 2536?
1289
What is the remainder when 35312 is divided by 35237?
75
What is the remainder when 23808511 is divided by 1898?
1897
What is the remainder when 922139 is divided by 15620?
559
What is the remainder when 24667413 is divided by 4111231?
27
What is the remainder when 5205870 is divided by 359?
11
What is the remainder when 220730120 is divided by 275?
270
What is the remainder when 4683734 is divided by 94?
90
What is the remainder when 11030474 is divided by 583?
114
Calculate the remainder when 3550126 is divided by 109.
105
What is the remainder when 173121 is divided by 95?
31
Calculate the remainder when 491801240 is divided by 218.
216
What is the remainder when 1001467 is divided by 1529?
1501
Calculate the remainder when 27969607 is divided by 4.
3
Calculate the remainder when 161937 is divided by 80.
17
Calculate the remainder when 4086383 is divided by 291883.
21
Calculate the remainder when 5405380 is divided by 2595.
2590
What is the remainder when 2715